92. Is q a composite number?
True
Let o(j) = -392*j - 12. Let z(g) = -98*g - 3. Let a(d) = 2*o(d) - 9*z(d). Is a(8) prime?
True
Let z = -1 + -2. Is 422*z*(-3)/18 prime?
True
Let w = 0 + 3. Let d = -12 + 12. Suppose d*l + 75 = w*l. Is l prime?
False
Suppose -2*o + 278 = -4*k, -4*o = -2*k - 70 - 486. Is o composite?
False
Let l(f) = -4*f**3 + 9*f**2 + 7*f + 7. Is l(-5) composite?
True
Suppose -c = c - 6. Let w = 6 + -4. Is (c/w)/((-2)/(-4)) a prime number?
True
Let n(c) = -7 + 75*c + 4 - 3. Is n(3) prime?
False
Suppose -2*i - i = 18. Let a(u) = u**2 - u - 5 - 4*u - 4*u. Is a(i) composite?
True
Let l(t) = t**3 + 9*t**2 - t - 8. Let s be l(-9). Suppose i - s = 2. Let p = i - 0. Is p prime?
True
Let t be 1 - (1 - -2 - 7). Suppose -t*p + 579 = -921. Suppose d - 4*o = 36 + 25, -4*d + p = -2*o. Is d a composite number?
True
Let o be 5234/10 + (-4)/10. Suppose -3*q + o = 4*c, 0*c = -2*c - q + 263. Is c composite?
True
Let n(i) = i**2 - 5*i - 6. Let g be n(5). Let o(f) = -9*f - 5. Is o(g) a prime number?
False
Let v = -2 + 5. Suppose 3*k = -2*b - v*b + 116, -4*k = -4*b - 144. Is k a prime number?
True
Suppose d - 5*z - 35 = 0, 4*d - 186 = 3*z + 22. Suppose 40 = 5*f - d. Is f a composite number?
False
Let n(i) = -i**2 - 7*i - 4. Let x be n(-5). Suppose -59 = -2*o + 109. Is (3/2)/(x/o) prime?
False
Suppose 0 = 12*m - 5*m - 40929. Is m a prime number?
False
Let v(b) = -45*b - 40. Let x(z) = z + 1. Let w(h) = 5*v(h) + 200*x(h). Suppose 0 = -g - 3*g - 4. Is w(g) a prime number?
False
Let u be ((-3)/9)/((-1)/6). Suppose -3*a - 5 = -5*c, -2*c + 1 = -3*a - c. Suppose 5*o + 4*g - 119 = a, 5*g - 47 = -u*o + 4*g. Is o a composite number?
False
Suppose 3*c = -2600 + 56. Is (-5)/(-25) + c/(-10) a prime number?
False
Let s = 10 - -18. Suppose -5*x - 3 = -s. Suppose -r - x = 2*m - 30, 4*r = -2*m + 124. Is r prime?
False
Let c = 5580 + -1336. Suppose 0 = -4*x - 0*x + c. Is x a prime number?
True
Suppose n - 109 = -2*n - 4*s, -3*s = 2*n - 73. Suppose 0 = 5*v - 130 - n. Is v prime?
False
Let m = 2 + 0. Suppose 3*x - 5*n = 64 - 4, -4*n = x - 20. Suppose m*j = 7*j - x. Is j composite?
True
Suppose -12 - 4 = -4*c. Suppose 2*w + 4*r = 16, 3*r - c*r = -3. Is w a composite number?
False
Suppose 3 = 4*z - 3*y, 12 = -4*z + 5*z - 3*y. Let i = z - -34. Is i a prime number?
True
Suppose -3*s + 9 = 0, 469 = 2*p + 2*p - 5*s. Is p a prime number?
False
Suppose 3*p - 2938 - 3797 = 0. Is p a prime number?
False
Let d(g) = -25*g - 3. Let l be d(-2). Suppose 4*j + 5*f - 74 = 0, 3*j = -2*f + 12 + l. Is j a composite number?
True
Let p be 2/2*(-3 + -51). Let c = p - -85. Is c composite?
False
Suppose -3*y = -0*y - 6. Let g(v) = -v**2 - 7 + 0*v**y + 2*v**2 - 5*v. Is g(7) composite?
False
Let r(t) = 594*t**2 - t. Let o be r(-1). Let b = o - 260. Is b composite?
True
Let c(s) = s**3 - 7*s**2 + 5*s + 5. Let r be c(7). Suppose 4*b = 3*u + 130, b - u = r - 7. Is b a composite number?
False
Let v be (-346)/4*(2 + -4). Let y = -96 + v. Is y prime?
False
Suppose 15 = 5*i - 0*i. Suppose -13 = i*v + 47. Is (-2)/4*v/1 a prime number?
False
Let d = -15 - -18. Suppose 4*j = f - 83 + 25, f - 58 = d*j. Is f a composite number?
True
Is (-3810)/9*(-18)/12 a prime number?
False
Let d(y) be the second derivative of y**5/20 - 2*y**4/3 - 5*y**3/6 - 5*y**2 - 2*y. Let f be d(9). Let v = f + -13. Is v prime?
True
Suppose -3*c - 260 = c. Let p = c + 114. Is p composite?
True
Suppose 5*k - 14 = 31. Let u = 44 + k. Is u a prime number?
True
Let r be ((-22)/4)/((-1)/(-2)). Let v = r - -34. Is v a composite number?
False
Suppose 3*f + 6 = -4*k - 5, -3*f + 34 = -5*k. Suppose 0 = -4*n + 6*n + 3*y + 9, 0 = -4*n + f*y + 9. Is (n - 0 - -1)*6 prime?
False
Is (142/(-4) - (-8)/4)*-14 prime?
False
Suppose 2*s - o = -502, 2*o = -s - 128 - 123. Let l = -137 - s. Is (-6)/(-4)*l/9 a prime number?
True
Suppose 0 = -t - 7*t + 1528. Is t a composite number?
False
Let u = 8 - 4. Suppose u*s = 5*s - 22. Is s composite?
True
Let s(q) = 13*q**2 + 4*q - 1. Is s(2) composite?
False
Let u(i) = 31*i**3 + i - 1. Is u(1) a composite number?
False
Let q be (-32)/(-18) + (-4)/(-18). Suppose 4*c = q*o + 60, -2*c = -5*c + 5*o + 52. Let v = 28 - c. Is v composite?
True
Let h(l) = 5*l**3 + 7*l**2 + 14*l - 21. Let s be (-8)/(-36) + 122/18. Let j(p) = 3*p**3 + 4*p**2 + 7*p - 11. Let b(i) = s*j(i) - 4*h(i). Is b(5) composite?
False
Suppose -4*j - 14 = 2*z, -z + 2*j - 8 + 1 = 0. Is (-2)/z - (-412)/28 a prime number?
False
Suppose 8*u - 5 = 7*u. Suppose x = 4*x - 3, 4*x = u*a + 34. Is (388/(-6))/(a/9) prime?
True
Let o be 6/4 + (-1)/(-2). Suppose -2*m + 4 = -z - z, -2*z + o = 0. Let x = 58 - m. Is x composite?
True
Let o(v) = 7*v**2 - 2*v + 2. Let s(d) = d**2 - d + 1. Let f(t) = o(t) + 3*s(t). Let w be (-4)/(-4) + 1*3. Is f(w) composite?
True
Let d be 2 + 16 + 1 + -1. Is d + 1 - 0/5 a composite number?
False
Suppose -5*w = 3*d + 114, 0*w + 78 = -4*w + 2*d. Is (7/21)/((-1)/w) composite?
False
Suppose -3*v + 189 = -126. Suppose g = 4*g - v. Is g a prime number?
False
Let h(x) be the second derivative of x**5/10 - x**4/2 + x**3 - 3*x**2/2 - x. Let m = 4 - -1. Is h(m) prime?
True
Let t(m) = 67*m**2. Let c be 12/(-7) + 4/(-14). Let i(k) = -k - 1. Let r be i(c). Is t(r) a prime number?
True
Is (-6)/(-9)*-3*6522/(-12) composite?
False
Suppose -4*s + 5*s - 3 = 0. Let o = s - 1. Suppose -2*p = -f + 3*p + 27, -181 = -5*f + o*p. Is f composite?
False
Suppose 0 = -2*m + 4*m + 2*v - 252, -4*m + 502 = 3*v. Let t = m - 47. Is t composite?
True
Suppose -v = -2 - 1. Suppose -b - v*b + 8 = 0. Is 8 + -1*(0 + b) prime?
False
Let j = -4 + 9. Suppose 0 = 2*q + 10, 3*c + j = -c - 5*q. Suppose u - 69 = -c*g, -4*u - 9 = -g - 3*u. Is g prime?
True
Let i be (4 + -3)/((-1)/21). Is 326/(-3)*i/14 a composite number?
False
Suppose 1173 = 4*x - 343. Is x composite?
False
Let c = 558 - 1. Is c a prime number?
True
Let w(l) = 672*l**2 - 2*l + 3. Is w(1) prime?
True
Suppose -r - 503 = -2*n, -4*n + 773 = -5*r - 224. Is n prime?
False
Let d(t) = 2*t**2 + t - 2. Suppose 6 = -2*j - w, -3*w + 32 = -6*j + 2*j. Is d(j) a prime number?
True
Let k = 6639 - 3486. Is k a composite number?
True
Is (910 - -11)*2/6 prime?
True
Let b(m) = 5*m**2 + 3*m + 1. Is b(3) prime?
False
Suppose -6*o + 489 + 273 = 0. Is o prime?
True
Let o = -85 - -181. Let v = -53 + o. Is v a composite number?
False
Let p(a) = 2*a**2 - 6*a + 2. Let b be p(4). Let d(f) = 2*f - 4. Let l be d(4). Is ((-14)/l)/((-5)/b) composite?
False
Let y = -20 - -66. Is y prime?
False
Let z = 5 + -6. Let d = z + 38. Is d composite?
False
Let u be -12 - 5/(10/(-6)). Let k(z) = z**2 + 11*z - 10. Let c be k(u). Let g = c - -111. Is g prime?
True
Let x(j) = 0 + 0 + 9*j + 2 + 1 + 4*j**2. Let b(r) = 3*r**2 + 8*r + 2. Let v(t) = -6*b(t) + 5*x(t). Is v(4) a composite number?
False
Suppose 6 = 5*s - 2*p + 21, -4*p = 0. Let y be (-2)/(-3) - 19/s. Is 0 - -48 - (-5 + y) a prime number?
False
Suppose 3*g - 2*m = -3*m - 204, 0 = 2*g + 3*m + 136. Let c = g + 111. Is c a composite number?
False
Let p(d) = -d**3 + 5*d**2 + 5*d - 3. Let y be p(-5). Suppose -3*i = b - 121, 2*b - 4*b + y = -4*i. Is b composite?
True
Is (-6)/(-3) - (-836)/4 a composite number?
False
Let q be (-13)/(-2) - (-6)/(-4). Suppose q*u = -0*u + 2395. Is u a composite number?
False
Is -4 - (-1 - (4 - -201)) composite?
True
Suppose 2*m - 270 = t, 0 = 4*m + m + t - 661. Suppose -3*b + 64 = -2*v - 37, v + m = 4*b. Is b a composite number?
True
Suppose 16 + 23 = -3*x. Let i be x*(-5 - 0) - -3. Let h = -31 + i. Is h a prime number?
True
Let i be (-2)/(-10) - (-18)/10. Let l be (i/3)/(3/(-9)). Is (1/l)/(2/(-84)) composite?
True
Let r be (-39)/(22/(-7) + 3). Suppose -15 = -3*q + 2*y - 5*y, 3*q + 3 = 3*y. Suppose -v + r = q*v. Is v a composite number?
True
Let a = 91 - 59. Suppose 0 = 2*g - 2*q - 0*q, 0 = -3*g - 5*q + a. Is g a prime number?
False
Let r = -11 - -7. Let s(o) = o**2 + 5*o. Let y be s(r). Let m(i) = -3*i**3 + 2*i**2 - 1. Is m(y) a composite number?
False
Let b be 446/5 - 4/20. Is 1 + 2 + b + -1 composite?
True
Let w = 11 - 6. Suppose -2*c + 10 = -2*r, -5*c - 3*r = 22 - 7. Suppose 4*s - w*s + 33 = c. Is s a prime number?
False
Let m = 1165 - -216. Is m composite?
False
Let m(n) = -2*n. Let c be m(-2). Suppose p + 13 + 6 = 5*i, 5*p = 3*i + 15. Suppose 0 = -c*l + j + 78, -5*l - p*j + 87 